uppose 3*o = -2*z + 8, o + 4*z - 4 = 2*z. Suppose 75 = o*l + 5*w, -6*l + 4*w = -l - 105. Calculate the remainder when 48 is divided by l.
23
What is the remainder when (-3)/(-21) - ((-1552)/14 - -3) is divided by 19?
13
Suppose 0 = -l - l. Let j = 2 - l. Suppose 0 = 3*z + j*z - 45. Calculate the remainder when 16 is divided by z.
7
What is the remainder when (2 - -1)*(-1 - -5) is divided by (119/68)/(1/4)?
5
Let h(n) = 3*n - 13. Let c(b) = 4*b + 7 + 12 - 8*b. Let l(f) = 5*c(f) + 7*h(f). Calculate the remainder when l(0) is divided by 3.
1
Let f = -16 + 9. What is the remainder when 0/2 - 203/f is divided by 10?
9
Let v = -4 - -21. Suppose -v = -2*k + 45. Let o = 50 - 34. What is the remainder when k is divided by o?
15
Let o be 6*2*(-1)/(-2). Let d(r) = -r**3 + 6*r**2 + 4*r + 3. Let h(w) = -w**3 + 5*w**2 - 2*w - 2. Calculate the remainder when d(o) is divided by h(3).
7
Let c be (36/(-15))/((-4)/(-30)). Let x = 34 + c. Suppose 2*i - x = 2. What is the remainder when i is divided by 5?
4
Let o(l) = 3*l - 2. Let z = 8 + -3. Suppose -m = -7 - z. What is the remainder when o(8) is divided by m?
10
Let b = 49 + 4. What is the remainder when b is divided by 14?
11
Let y(z) = 2*z**2 - 2*z - 2. Let k be y(2). Let g(p) = -p - p - k - 2*p + 0*p. Calculate the remainder when 27 is divided by g(-4).
13
Let z = 20 - -13. Calculate the remainder when 96 is divided by z.
30
Let h = -181 + 254. Let o be -3*(-4)/60 + (-128)/(-10). Suppose -h + o = -5*u. Calculate the remainder when u is divided by 7.
5
Suppose -3*r + 23 + 22 = 0. Suppose 384 = -4*h + 8*h. Let c = 140 - h. What is the remainder when c is divided by r?
14
Suppose -9 + 34 = 5*s. Suppose -v = 2*u - 5 - 21, -5*u + 65 = s*v. What is the remainder when u is divided by 7?
6
Let h(z) = 5*z**2 - 3*z - 3. Let s be h(3). Suppose 0 = -q - 3*a - 5, 3*q + 3*a - 6*a = s. What is the remainder when 12 is divided by q?
5
Suppose 0 = 5*v + 4*i + 47, -5*v - 25 = -v - i. Let b = v - -11. What is the remainder when 13 is divided by b?
1
Let h = -36 - -9. Let k = h + 39. Let i = -5 - -12. What is the remainder when k is divided by i?
5
Let s be ((-45)/12)/((-2)/(-8)). Calculate the remainder when 43 is divided by (-4 - -2)*s/2.
13
Calculate the remainder when 167 is divided by (5 + -7 + -5)/(1/(-8)).
55
Let k = 7 - 10. Let x = -20 - -31. What is the remainder when 3/(k/2)*-16 is divided by x?
10
Suppose -3*o - 5*f + 124 = 0, 5*o - 2*f = o + 148. What is the remainder when o is divided by 13?
12
Suppose -198 + 66 = -3*j. What is the remainder when j is divided by 15?
14
Let a = 2 - -5. Let b = a - 6. Calculate the remainder when 1 is divided by b.
0
Let j(h) = 6*h**2 - 2*h + 2. Let b be j(3). Suppose b = -3*t + 149. Let p = t - 19. Calculate the remainder when 26 is divided by p.
12
Let v(j) = j**2 - 2*j - 22. Suppose -2*c - 3*c = -115. Calculate the remainder when c is divided by v(7).
10
Suppose -5*q = 3*s - 45 - 43, 0 = -3*q + 4*s + 47. What is the remainder when q is divided by 4?
1
Let u(v) = 8*v - 2. Let d = 17 + -6. Let g(i) = -i**2 + 11*i + 4. Let p be g(d). What is the remainder when u(p) is divided by 16?
14
Let d(m) = -6*m + 9. What is the remainder when d(-6) is divided by 16?
13
Let p(r) = -r**2 - 8*r - 4. Suppose -13 = -5*u + 2. Calculate the remainder when p(-5) is divided by u.
2
Let m = 13 - 19. Let w = 14 - m. Calculate the remainder when 79 is divided by w.
19
Suppose 5*a + 0 - 30 = 0. Suppose 0 = -3*m - 0*m - 6. Let s(v) = -v**3 + 3*v**2 + v - 2. Calculate the remainder when s(m) is divided by a.
4
Suppose -130 = -5*p + 5*v, -3*p + 2*v + 57 = -22. Suppose -d + 250 = 5*u - 0*u, 2*d = -3*u + 143. Calculate the remainder when u is divided by p.
24
Suppose -y + 1 = -3. Suppose 0 = 5*u - u - y. Suppose -2*b + 5 + u = 0. What is the remainder when 5 is divided by b?
2
Let w = 89 - 86. What is the remainder when 9 is divided by w?
0
Suppose -8*v = -14*v + 210. Calculate the remainder when v is divided by 6.
5
Suppose -4*z + c = -1264 + 357, -3*c + 230 = z. Calculate the remainder when z is divided by 38.
37
Let v(u) = -u - 17. Let j be v(-12). Let y = -2 + 12. Let d = y + j. Calculate the remainder when 13 is divided by d.
3
Let c = 17 + -21. Let w(m) = -m + 4. Suppose -2*o + 10 = 0, -d - o - 6 = -14. What is the remainder when w(c) is divided by d?
2
Suppose j - 16 = -3*j. Suppose -4*a + 40 = -u, -3*a + 32 = a - 3*u. What is the remainder when a is divided by j?
3
Let h(b) = 47*b**2 - b. Let o be h(1). Let a = -25 + o. Let g = -5 + 16. Calculate the remainder when a is divided by g.
10
Calculate the remainder when 53 is divided by 14 + 0/(9/(-3)).
11
Let i(q) = 11*q - 1. Let s be (-1)/(3/(-6)*2). What is the remainder when 37 is divided by i(s)?
7
What is the remainder when 120 - ((-30)/(-42) + 2/7) is divided by 15?
14
Suppose -4*t + 273 = -5*n, -5*n + 54 = 4*t - 249. Calculate the remainder when t is divided by 15.
12
Suppose -y = -m - m + 40, 0 = 2*m - 3*y - 36. Calculate the remainder when 38 is divided by m.
17
Suppose -3*q - 3*u - 683 = -2*u, 4*q - 3*u + 915 = 0. Calculate the remainder when 3*1*q/(-18) is divided by 13.
12
What is the remainder when (-94)/(-10) + (-9)/(-15) is divided by 3?
1
Let s = 73 - 52. Suppose -2*d + s = d. What is the remainder when d is divided by 4?
3
Let o(u) = 3*u + 5. Suppose 2*n = -5*k + 45, k + 0*k + 2*n - 9 = 0. Suppose j - 8 = 3. What is the remainder when o(k) is divided by j?
10
Let l = -2 - -7. Suppose 5*k + q - 15 = 0, 3*k + 5*q + 6 = 5*k. What is the remainder when l is divided by k?
2
Suppose 0*w = 2*w - 3*o - 25, -o - 34 = -3*w. Let l(d) = 3*d - 14. What is the remainder when l(w) is divided by 11?
8
Let d = 199 + -190. Calculate the remainder when 25 is divided by d.
7
Suppose -5*b = x - 647, -b - x + 100 = -27. Calculate the remainder when b is divided by 27.
22
Suppose -4 - 8 = -4*q. Suppose -4*a + 11 = -q*a. Let y = a - -3. Calculate the remainder when y is divided by 5.
4
Let a = 15 - 8. Let g(r) = 3*r - 4. Suppose -5 + 32 = 3*s. What is the remainder when g(a) is divided by s?
8
What is the remainder when 45 is divided by 95/4 + (-5)/(-20)?
21
Suppose -21 = -2*j - 7. Calculate the remainder when 12 is divided by j.
5
Let m = 17 + -64. Suppose -3*n = -16 - 35. Calculate the remainder when 2*(m/(-2) - -1) is divided by n.
15
Let o(l) = -l**3 + 11*l**2 - 2*l + 6. Calculate the remainder when o(5) is divided by 49.
48
Let y(n) = 2*n**2 - 7*n + 2. What is the remainder when y(6) is divided by 11?
10
Suppose -3*d + 74 = 2*d - 2*l, -5*d + 68 = l. Let u be (2 - 3) + -2*63. Let a = u + 180. Calculate the remainder when a is divided by d.
11
Let i(o) = o + 36. Let j be i(0). Suppose 0*y - j = -3*y. What is the remainder when (1/(-1) + -6)*-5 is divided by y?
11
Let v = -7 - 0. Let c be -1 - (-1 + 1) - v. Let y(a) = a**2 - 3*a + 1. Calculate the remainder when y(c) is divided by 10.
9
Suppose 3*v - 51 = 78. Suppose 0 = -3*b + 8*b - 110. Calculate the remainder when v is divided by b.
21
Let k = 5 + -3. Suppose -64 = -k*y + y. Calculate the remainder when y is divided by 22.
20
Suppose 2*k + 144 = 2*r, -2*k + 0*k = 5*r + 130. Calculate the remainder when 11 is divided by 2/10 + k/(-25).
2
Calculate the remainder when 73 is divided by ((25 - -1) + -7)/(-1 + 2).
16
Calculate the remainder when (3/(-2))/((-3)/52) is divided by 9.
8
Suppose -4*q = -3*q - 4. Calculate the remainder when 6 is divided by q.
2
Let x = 118 - 112. Calculate the remainder when 71 is divided by x.
5
Suppose -2*n = -3*q - 3*n + 107, 0 = 3*n - 6. Calculate the remainder when q is divided by 19.
16
Let p = 9 + 7. Calculate the remainder when 61 is divided by p.
13
Suppose 5*m - 4*y + 13 - 62 = 0, 0 = 4*m + 5*y - 31. Let q = m + 24. Suppose -11 = 2*p - q. Calculate the remainder when 20 is divided by p.
9
Let k(l) = l - 1. Let y be k(5). Let b = y - 6. Calculate the remainder when b/(-9) + (-106)/(-9) is divided by 7.
5
Let a = 3 + 0. Suppose a*x - 38 = -2*i, 0 = -2*i + i + 4*x + 19. What is the remainder when i is divided by 7?
5
Let d = 51 + -36. Suppose -2*f + 36 = -52. Calculate the remainder when f is divided by d.
14
Let f(d) = d**2 + 4*d + 25. Suppose 3*h + h = 4*b - 20, b + 4*h = 25. Calculate the remainder when f(0) is divided by b.
7
Suppose 0 = 10*r - 8*r - 106. What is the rema